{"id":2129,"date":"2018-02-21T11:29:41","date_gmt":"2018-02-21T09:29:41","guid":{"rendered":"http:\/\/www.johannes-goederitz-stiftung.de\/?page_id=2129"},"modified":"2020-07-28T15:00:32","modified_gmt":"2020-07-28T13:00:32","slug":"wettbewerb","status":"publish","type":"page","link":"https:\/\/www.johannes-goederitz-stiftung.de\/?page_id=2129","title":{"rendered":"Wettbewerb"},"content":{"rendered":"<p>Die nach ihm benannte Johannes-G\u00f6deritz-Stiftung ist aufgrund ihres Verm\u00f6gens in der Lage, allj\u00e4hrlich Preise zur F\u00f6rderung studentischer und wissenschaftlicher Arbeiten im Bereich Architektur und St\u00e4dtebau zu vergeben. Seit einigen Jahren werden nun bereits Preistr\u00e4ger in einem formalisierten Wettbewerbsverfahren ausgew\u00e4hlt. Regelm\u00e4\u00dfige Teilnehmer sind die TU Braunschweig und die Universit\u00e4t Hannover. Im Wechsel werden Hochschulen und Universit\u00e4ten aus ganz Deutschland zur Teilnahme an diesem st\u00e4dtebaulichen Ideenwettbewerb eingeladen. Nach der Wiedervereinigung Deutschlands 1989 standen besonders der fachliche Austausch und der fachliche Leistungsvergleich mit den ostdeutschen Universit\u00e4ten im Vordergrund. In letzter Zeit wurde der Teilnehmerkreis jedoch gezielt durch die s\u00fcddeutschen Hochschulen erweitert.<\/p>\n","protected":false},"excerpt":{"rendered":"<p>Die nach ihm benannte Johannes-G\u00f6deritz-Stiftung ist aufgrund ihres Verm\u00f6gens in der Lage, allj\u00e4hrlich Preise zur F\u00f6rderung studentischer und&#8230;<\/p>\n","protected":false},"author":1,"featured_media":0,"parent":0,"menu_order":0,"comment_status":"closed","ping_status":"closed","template":"","meta":{"footnotes":""},"class_list":["post-2129","page","type-page","status-publish","hentry","content-wrap"],"_links":{"self":[{"href":"https:\/\/www.johannes-goederitz-stiftung.de\/index.php?rest_route=\/wp\/v2\/pages\/2129","targetHints":{"allow":["GET"]}}],"collection":[{"href":"https:\/\/www.johannes-goederitz-stiftung.de\/index.php?rest_route=\/wp\/v2\/pages"}],"about":[{"href":"https:\/\/www.johannes-goederitz-stiftung.de\/index.php?rest_route=\/wp\/v2\/types\/page"}],"author":[{"embeddable":true,"href":"https:\/\/www.johannes-goederitz-stiftung.de\/index.php?rest_route=\/wp\/v2\/users\/1"}],"replies":[{"embeddable":true,"href":"https:\/\/www.johannes-goederitz-stiftung.de\/index.php?rest_route=%2Fwp%2Fv2%2Fcomments&post=2129"}],"version-history":[{"count":1,"href":"https:\/\/www.johannes-goederitz-stiftung.de\/index.php?rest_route=\/wp\/v2\/pages\/2129\/revisions"}],"predecessor-version":[{"id":2130,"href":"https:\/\/www.johannes-goederitz-stiftung.de\/index.php?rest_route=\/wp\/v2\/pages\/2129\/revisions\/2130"}],"wp:attachment":[{"href":"https:\/\/www.johannes-goederitz-stiftung.de\/index.php?rest_route=%2Fwp%2Fv2%2Fmedia&parent=2129"}],"curies":[{"name":"wp","href":"https:\/\/api.w.org\/{rel}","templated":true}]}}